(-10)/(-30)?
5
Let r(y) = 3*y**2 - 2*y - 1. What is the units digit of r(-2)?
5
Suppose -3*z + 6 = -0*z. What is the tens digit of (z - (2 - -36))/(-1)?
3
Suppose 11 = -3*f + 83. Suppose 27 = 2*x - o, x - 4*o - f = -7*o. What is the tens digit of x?
1
Suppose -k - 3*q - 70 = 0, -5*q + 100 = -k + 14. Let x = k - -32. Let l = x - -63. What is the tens digit of l?
1
Suppose -2*f = -h + 18 + 3, 0 = 3*f + 9. Suppose 4*b + b - h = 0. Suppose 0 = -b*o + 28 + 17. What is the tens digit of o?
1
Let n = 22 - 9. What is the units digit of (1 + n)*5/2?
5
Let i(s) = -s**3 - 13*s**2 + 13*s + 8. What is the units digit of i(-14)?
2
Let r = 72 + -6. What is the units digit of r?
6
Let y(z) = 1 - 3*z**2 + 7*z**2 - 1 + 3*z. What is the units digit of y(-2)?
0
Let b be 0/((12/2)/3). Let g = -1 + b. Let a(h) = -12*h - 1. What is the tens digit of a(g)?
1
Let t(a) = -a**2 + 4*a - 4. Let q be t(5). Let l(n) = n**3 + 8*n**2 - 12*n - 11. What is the units digit of l(q)?
6
Let n = -50 - -96. What is the units digit of n?
6
Suppose 4*b = 5*b - 78. What is the tens digit of b?
7
Let q = 10 - 20. Let v = q + 27. What is the tens digit of v?
1
Let j(l) = -3*l + 1. Let b(k) = -10*k + 3. Suppose -3*a - 21 = -2*a. Let f(u) = a*j(u) + 6*b(u). What is the units digit of f(4)?
9
Suppose -m + 8 = -2*o - 4*m, -3*o + 4*m + 22 = 0. Let x = o - -3. Suppose -3*c - 10 = -x*c. What is the units digit of c?
5
Let a = -4 - -7. Suppose -3*t = 3*x - 21, -a*x + 6*x + 4*t - 16 = 0. What is the tens digit of x?
1
Let y = -78 - -125. What is the units digit of y?
7
Let q = -3 - -6. Suppose -q*o + 1 = -2*o. What is the units digit of o?
1
Let c = 13 - 6. Let j = c - -9. What is the units digit of j?
6
Let c be 0/(-2)*(-2 - -1). Let l = -9 - c. What is the units digit of 2/(l/15 + 1)?
5
Let c(z) = -34 - 30 + 7 - z. Let i be c(0). What is the units digit of 1/(-1 - 60/i)?
9
Let f = -16 + 3. Let z = f + 26. What is the units digit of z?
3
Let u(x) = -x**2 - 14*x + 10. What is the tens digit of u(-6)?
5
Suppose o + 10 = -o. Let n = o - -5. What is the units digit of n + 1 + 6 + 0?
7
Let a = 54 - 41. What is the tens digit of a?
1
Let r be 3/(-5) - (-162)/45. What is the units digit of r - (-60)/(6 - 3)?
3
Let p = -10 - -27. Let a = p - 8. What is the units digit of a?
9
Let r = 5 - 1. Let b(m) = 2*m**2 + r*m**2 + 16*m + m**2 + m**3 - 10*m. What is the tens digit of b(-5)?
2
Let p(n) be the first derivative of -2*n**2 - 5*n + 3. What is the units digit of p(-5)?
5
What is the units digit of (-1230)/(-45)*(-9)/(-2)?
3
Let o(b) = -b**3 + 5*b**2 + b + 5. Suppose 4*z - 4*u - 32 = 0, -4*z + 2*z + 4*u = -22. Let j be o(z). What is the tens digit of -1 - (2/(-2) - j)?
1
Suppose 0*f + f = 3. What is the units digit of f?
3
Let w(h) = h**3 + 7*h**2 + 4*h + 8. Let s be (0 - -1)/((-1)/6). What is the units digit of w(s)?
0
Let g(x) = -9*x - 1 - x**2 - 1 - x - x. What is the units digit of g(-10)?
8
Suppose 4*x = 0, 0 = 5*u - 2*u - 5*x - 96. What is the tens digit of u?
3
Suppose 0 = -2*w - w + 72. Suppose 9 = -5*v + w. Suppose 16 = v*k - 23. What is the units digit of k?
3
Let o be 2*(2/(-1))/(-1). Suppose 2*g - o = -0*g. Suppose x = 0, 3*q + 3*x = -g*x + 27. What is the units digit of q?
9
Suppose 2*w + 7 + 21 = 0. Let n be (w/(-4))/(2/4). Suppose 5 + n = 2*q. What is the units digit of q?
6
Suppose 2*h - 3*h + 70 = 0. What is the tens digit of h?
7
Let l be (-2)/3 - 272/6. What is the units digit of (-5)/(-20) - l/8?
6
What is the units digit of (-45)/(-25) + 2/10?
2
Suppose 4*g + 5 = 3*i - 0, 0 = -4*i + 4*g + 12. Let n(l) = -l**3 + 7*l**2 + l + 2. What is the units digit of n(i)?
9
Let x = -74 - -96. What is the units digit of x?
2
Suppose -3*k + 220 = 2*v + k, -4*v = -4*k - 440. What is the tens digit of v?
1
Let y(o) = -o**3 - o + 55. Let w be y(0). Suppose -2*l + 0*l - 20 = -b, -4*b + w = -3*l. What is the tens digit of b?
1
Suppose -61 = -5*r - 26. Suppose 3 = -j + r. What is the units digit of j?
4
Let q(l) = l**3 + 3*l**2 - 4*l + 5. Let h be q(-5). Suppose n - 44 = -4. Let v = n + h. What is the units digit of v?
5
Let n(v) = -v**3 + 5*v**2 - v + 4. Suppose 0 = 3*k - 9 - 3. What is the tens digit of n(k)?
1
Let i(k) = k**3 + 3*k**2 - 4*k + 3. Let b be i(-4). Let t = 1 + 1. What is the units digit of (-22)/(-6) - t/b?
3
What is the tens digit of ((-52)/(-3))/((-9)/(-27))?
5
Suppose -2*b - 268 = -3*g + 99, -3*b + 512 = 4*g. What is the tens digit of g?
2
Suppose -5*p - 4*c + 36 = 0, 6*p - 36 = 2*p - 5*c. Suppose p*w + 27 = 7*w. What is the units digit of w?
9
Suppose 4*o + 7 = 3*o - 3*y, 5*o - 41 = 4*y. Suppose -2*q - 7 = -o*z - 35, 3*z = -6. What is the units digit of q?
9
Suppose 5*x + 176 = 6*d - 4*d, 0 = -3*x. What is the tens digit of d?
8
Suppose 2*n + 2*n = 32. What is the units digit of n?
8
What is the tens digit of (-188)/(-8)*(-1 + 3)?
4
Let u be (1 - 4)/(-1 + 0). Suppose -c - 3*i + 13 = u, i + 2 = 5*c. What is the units digit of c?
1
Suppose -5*f - 25 = -0*f. Let a(i) = i**3 + 5*i**2 + 5. What is the units digit of a(f)?
5
Let v(j) = -j**2 + 24*j - 30. What is the tens digit of v(21)?
3
Let b(g) = -g**2 + 4 - 2*g - 1 - 2*g. Let w(o) = o**2 + 7*o + 6. Let s be w(-5). What is the units digit of b(s)?
3
What is the tens digit of 2/(-9) - (1 - (-3684)/(-54))?
6
Suppose 617 = 6*y - 451. What is the hundreds digit of y?
1
Suppose 0*a - a + n + 5 = 0, 3*n = a - 11. Let h be (-4 + 2)/(a - 0). What is the units digit of 7 + h + 1 + -2?
5
Suppose -28 = 5*u - 5*w - 348, 49 = u + 4*w. What is the units digit of u?
1
Let l = 30 - 13. Let w = 6 + l. What is the units digit of w?
3
Let n(f) be the second derivative of -f**5/20 + f**4/6 + 7*f**3/6 + f**2/2 + 3*f. What is the units digit of n(-3)?
5
Suppose x = -4*h + 350, -x - 65 - 194 = -3*h. What is the units digit of h?
7
Let a = -3 + 11. What is the units digit of a?
8
Suppose -3*a - 10 = 5*v + a, 0 = -4*v + a + 13. Let f be v*(-3)/(-2)*-3. Let d(m) = -m - 1. What is the units digit of d(f)?
8
Let i(l) = -22*l + 1. Suppose 0 - 1 = u. Let t be i(u). Suppose z = 5*v + 2, -7 = z + 2*v - t. What is the tens digit of z?
1
Suppose 0 = 4*r + 1 - 5. What is the tens digit of r/(33/16 - 2)?
1
Let d = 0 + 0. Suppose 4*z - 8 = -d. What is the units digit of 1/z - (-60)/8?
8
Suppose 4*t - 21 = 7. Suppose 5*w - 8 - t = 0. Suppose -w*b + 1 = 5*g, -2*b = 2*b - 5*g - 48. What is the units digit of b?
7
Let m(o) = 2*o**2 - 9*o + 5. Let v be m(6). Let f = v - 16. What is the units digit of f?
7
Suppose 0 = -3*j + 7*j - 3*d - 210, 4*d + 110 = 2*j. Suppose -j = -5*f + 9. What is the units digit of f?
2
Let i = -30 + 36. Let y(s) = s**2 - 5*s. Let u be y(6). Let r = i + u. What is the tens digit of r?
1
Let r(j) = j**3 - 3*j**2 - 3*j - 5. Let i be r(4). Let f = 0 + i. What is the units digit of -4 - -2 - (-5 - f)?
2
Suppose -2*u - 230 = -7*u. What is the tens digit of u?
4
Let q = 10 + -5. Let r = q + -4. What is the units digit of r?
1
Let o = 2 - -5. Let f(j) = -j**3 + 7*j**2 + 4*j - 1. What is the tens digit of f(o)?
2
Let o be (10/(-3))/((-4)/18). Suppose -3*f + o = -6. What is the units digit of f?
7
Suppose 3*u - 165 = -24. What is the tens digit of u?
4
Let g be (3/6 + -1)*-14. Let z = g - -2. What is the units digit of z?
9
Let b(q) = -q**3 + q**2 + 3. What is the tens digit of b(-3)?
3
Suppose -h - 9 + 2 = -2*i, -3*h = -4*i + 17. Suppose 8 = i*a - 22. What is the units digit of a?
5
Let z = -19 + 28. What is the tens digit of 230/18 + 2/z?
1
What is the tens digit of 110/8 - (-33)/(-44)?
1
Suppose 4*p - p = 3*w + 90, 0 = -2*w. What is the tens digit of p?
3
Let w be (-1)/(-4) + (-9)/4. Let z(f) = 4 - 3*f**3 - 2*f**2 - 3 + f + f**3 + f. What is the units digit of z(w)?
5
Suppose -4*s + 4*i + 4 = 0, 0 = -4*s - 5*i - 4 - 1. Let l be (s - (-2)/(-4))*-50. Suppose 4*o = -o + l. What is the units digit of o?
5
Let x(m) = m + 27. Let p be x(0). Suppose 4*u = -l + 1, 4*l - 5*u - p = -2. What is the units digit of l?
5
Let b be 8/(-6) + (-6)/(-18). Let l = b + 3. What is the units digit of l?
2
Let h = 30 + 26. What is the units digit of h?
6
Suppose 4*i = 4*y + 72, 25 + 8 = -3*y - 4*i. Let a = -9 - y. Let h = a - 2. What is the units digit of h?
4
Suppose 1 = -2*i + 11. Suppose 4*f + i*x = -34 + 138, 2*f = -3*x + 54. What is the units digit of f?
1
Let w = 557 - 392. W